{"id":2336,"date":"2022-04-25T18:32:35","date_gmt":"2022-04-25T16:32:35","guid":{"rendered":"https:\/\/cluster-assurance-aura.com\/?page_id=2336"},"modified":"2022-04-25T18:32:35","modified_gmt":"2022-04-25T16:32:35","slug":"agenda","status":"publish","type":"page","link":"https:\/\/assurance.alexisrittimann.com\/index.php\/actus-du-cluster\/agenda\/","title":{"rendered":"Agenda 2023"},"content":{"rendered":"<p>[vc_row][vc_column width=\u00a0\u00bb1\/4&Prime;][vc_single_image image=\u00a0\u00bb2699&Prime;][vc_separator][vc_column_text]<strong>22 FEV |13h-17h JOB DATING <\/strong><\/p>\n<p><strong>Alternance &amp; apprentissage Groupe IGS<\/strong><\/p>\n<p>CAMPUS HEP Lyon &#8211; Ren\u00e9 Cassin, 7-9 Rue Jean-Marie Leclair, 69009 Lyon<\/p>\n<p><a id=\"ow940\" href=\"https:\/\/www.google.com\/url?q=https:\/\/info.groupe-igs.fr\/l\/6266\/500185322\/1069\/63268\/99759\/d67e4999&amp;sa=D&amp;source=calendar&amp;usd=2&amp;usg=AOvVaw28Iufzjkvqihr7bMd04oXl\">Si vous souhaitez participer \u00e0 cet \u00e9v\u00e8nement<br \/>\n<\/a><u><a href=\"https:\/\/www.google.com\/url?q=https:\/\/info.groupe-igs.fr\/l\/6266\/500185322\/1069\/63269\/99759\/d67e4999&amp;sa=D&amp;source=calendar&amp;usd=2&amp;usg=AOvVaw0to9T0wlWOC2fW8-4WPqBD\">==&gt; cliquez ici !<\/a><\/u>[\/vc_column_text][\/vc_column][vc_column width=\u00a0\u00bb1\/4&Prime;][vc_single_image image=\u00a0\u00bb2704&Prime;][vc_column_text]<strong><a href=\"https:\/\/cluster-assurance-aura.com\/app\/uploads\/2023\/02\/ASSURANCE-VALLEE-002.png\"><img decoding=\"async\" loading=\"lazy\" class=\"alignnone size-medium wp-image-2708\" src=\"https:\/\/cluster-assurance-aura.com\/app\/uploads\/2023\/02\/ASSURANCE-VALLEE-002-300x158.png\" alt=\"\" width=\"300\" height=\"158\" \/><\/a>24 mars | 9h-16h | Les cercles de l&rsquo;Agefi &#8211; Lyon\u00a0<\/strong><\/p>\n<p>InterContinental Lyon &#8211; Hotel Dieu, 20 Quai Jules Courmont, 69002 Lyon,<\/p>\n<p>&nbsp;<\/p>\n<p>Cette ann\u00e9e encore Assurance Vall\u00e9e est partenaire de cet \u00e9v\u00e9nement.<\/p>\n<p>L&rsquo;agefi ira \u00e0 la rencontre des\u00a0<strong><b>investisseurs professionnels<\/b><\/strong>\u00a0(institutionnels, banquiers priv\u00e9s, family officers, CGP, tr\u00e9soriers, asset managers et entreprises) pour mieux comprendre leurs choix en mati\u00e8re de\u00a0<strong><b>gestion financi\u00e8re, les opportunit\u00e9s qu\u2019ils saisissent<\/b><\/strong>\u00a0mais aussi pour analyser avec eux les\u00a0<strong><b>probl\u00e9matiques et les enjeux<\/b><\/strong>\u00a0auxquels ils doivent faire face.<\/p>\n<p><a href=\"https:\/\/www.google.com\/url?q=https:\/\/cercles-lyon.evenements.agefi.fr\/programme?q%3D&amp;sa=D&amp;source=calendar&amp;usd=2&amp;usg=AOvVaw02-xxOcSb17M5UCXJ5aJ2f\">PROGRAMME<\/a>[\/vc_column_text][vc_column_text]<\/p>\n<ul>\n<li><strong>21 FEV | 9h-13h JOB DATING ICL<\/strong><\/li>\n<\/ul>\n<p>Business Developer &amp; Business Manager<\/p>\n<p>Campus HEP Lyon 9<\/p>\n<p><strong>\ud83d\udc68\ud83c\udffb\u200d\ud83c\udf93<\/strong><strong>\u00a0<\/strong><strong>BACHELOR<\/strong><\/p>\n<p><strong>BUSINESS DEVELOPER :<\/strong><\/p>\n<p>\ud83d\udc49 Assistanat commercial \/ Gestion SAV \/ Actions de communication<\/p>\n<p>\ud83d\udc49\u00a0Prospection \/ Qualification base de donn\u00e9es<\/p>\n<p>\ud83d\udc49\u00a0Relation client : n\u00e9gociation, vente et fid\u00e9lisation<\/p>\n<p><strong>\ud83d\udc69\ud83c\udffb\u200d\ud83c\udf93<\/strong><strong>\u00a0MBA<\/strong><\/p>\n<p><strong>BUSINESS MANAGER<\/strong><\/p>\n<p>\ud83d\udc49 Veille commerciale \/ Animation strat\u00e9gique<\/p>\n<p>\ud83d\udc49 Relation client Grands Comptes<\/p>\n<p>\ud83d\udc49\u00a0Management de projet commercial<\/p>\n<table>\n<tbody>\n<tr>\n<td>\n<table>\n<tbody>\n<tr>\n<td><\/td>\n<\/tr>\n<\/tbody>\n<\/table>\n<p><a href=\"https:\/\/www.google.com\/url?q=https:\/\/eye.sbc31.net\/c?p%3DwAbNBLfDxBBO0K540JzQkNCSTdDO0J8xdgnwL2HQgMQQ0IZ_bxzq8EMZ0IcyewfQ3C0YZ9nBaHR0cHM6Ly9kb2NzLmdvb2dsZS5jb20vZm9ybXMvZC9lLzFGQUlwUUxTY3RSTS1PSXFaaHdpdFZ5QmxwOUJpcjN2bl8tdEt4YUF2eHRWZHNmQzdEd3RaRll3L3ZpZXdmb3JtP3VzcD1zZl9saW5rJnV0bV9zb3VyY2U9U2FyYmFjYW5lJnV0bV9tZWRpdW09ZW1haWwmdXRtX2NhbXBhaWduPUpvYmRhdGluZyBMeW9uIC0gZsOpdnJpZXIgMjAyM7g1YWI4Yzg1M2I4NWI1MzUwZWYxZDA1NTG4NjI5OWM5NTE5NWM3NTIyYWM2OWE4NTYwwLYwdTF1UWxYclRxV3VxLWZZUmJTNmtBrWV5ZS5zYmMzMS5uZXTEFC_QkBfQvC7gZdCf0Mk1flzQqtDF0I8k50joTA&amp;sa=D&amp;source=calendar&amp;usd=2&amp;usg=AOvVaw053U3JXhpsIX0t6nykRYaU\"><strong>Je\u00a0m&rsquo;inscris<\/strong><\/a><\/td>\n<\/tr>\n<\/tbody>\n<\/table>\n<p>[\/vc_column_text][vc_separator][vc_column_text]<b>30 MARS | 8h &#8211; 12h | JOB DATING LYON 3 &#8211;<\/b>\u00a0BUT GACO,<br \/>\n&#8211; parcours MDFS (Management des fonctions supports) &amp;<br \/>\n&#8211; parcours MRPE (Managementresponsable de projet et entrepreneuriat)<\/p>\n<p>IUT (88 rue Pasteur-69007).[\/vc_column_text][\/vc_column][vc_column width=\u00a0\u00bb1\/4&Prime;][vc_single_image image=\u00a0\u00bb2697&Prime;][vc_column_text]<\/p>\n<h4><strong>JOB DATING ICL<\/strong><\/h4>\n<p>&nbsp;<\/p>\n<ul>\n<li><strong>MERCREDI 12 AVRIL\u00a0 | de 16h \u00e0 18h &gt; en visio\u00a0<\/strong><\/li>\n<li><strong>MERCREDI 26 AVRIL\u00a0 de 16h \u00e0 20h &gt; au campus<\/strong><\/li>\n<\/ul>\n<p>Business Developer &amp; Business Manager<\/p>\n<p>Campus HEP Lyon 9<\/p>\n<p><strong>\ud83d\udc68\ud83c\udffb\u200d\ud83c\udf93<\/strong><strong>\u00a0<\/strong><strong>BACHELOR<\/strong><\/p>\n<p><strong>BUSINESS DEVELOPER :<\/strong><\/p>\n<p>\ud83d\udc49 Assistanat commercial \/ Gestion SAV \/ Actions de communication<\/p>\n<p>\ud83d\udc49\u00a0Prospection \/ Qualification base de donn\u00e9es<\/p>\n<p>\ud83d\udc49\u00a0Relation client : n\u00e9gociation, vente et fid\u00e9lisation<\/p>\n<p><strong>\ud83d\udc69\ud83c\udffb\u200d\ud83c\udf93<\/strong><strong>\u00a0MBA<\/strong><\/p>\n<p><strong>BUSINESS MANAGER<\/strong><\/p>\n<p>\ud83d\udc49 Veille commerciale \/ Animation strat\u00e9gique<\/p>\n<p>\ud83d\udc49 Relation client Grands Comptes<\/p>\n<p>\ud83d\udc49\u00a0Management de projet commercial<\/p>\n<table>\n<tbody>\n<tr>\n<td>\n<table>\n<tbody>\n<tr>\n<td><\/td>\n<\/tr>\n<\/tbody>\n<\/table>\n<p><a href=\"https:\/\/www.google.com\/url?q=https:\/\/eye.sbc31.net\/c?p%3DwAbNBLfDxBBO0K540JzQkNCSTdDO0J8xdgnwL2HQgMQQ0IZ_bxzq8EMZ0IcyewfQ3C0YZ9nBaHR0cHM6Ly9kb2NzLmdvb2dsZS5jb20vZm9ybXMvZC9lLzFGQUlwUUxTY3RSTS1PSXFaaHdpdFZ5QmxwOUJpcjN2bl8tdEt4YUF2eHRWZHNmQzdEd3RaRll3L3ZpZXdmb3JtP3VzcD1zZl9saW5rJnV0bV9zb3VyY2U9U2FyYmFjYW5lJnV0bV9tZWRpdW09ZW1haWwmdXRtX2NhbXBhaWduPUpvYmRhdGluZyBMeW9uIC0gZsOpdnJpZXIgMjAyM7g1YWI4Yzg1M2I4NWI1MzUwZWYxZDA1NTG4NjI5OWM5NTE5NWM3NTIyYWM2OWE4NTYwwLYwdTF1UWxYclRxV3VxLWZZUmJTNmtBrWV5ZS5zYmMzMS5uZXTEFC_QkBfQvC7gZdCf0Mk1flzQqtDF0I8k50joTA&amp;sa=D&amp;source=calendar&amp;usd=2&amp;usg=AOvVaw053U3JXhpsIX0t6nykRYaU\"><strong>Je\u00a0m&rsquo;inscris<\/strong><\/a><\/td>\n<\/tr>\n<\/tbody>\n<\/table>\n<p>[\/vc_column_text][\/vc_column][vc_column width=\u00a0\u00bb1\/4&Prime;][vc_single_image image=\u00a0\u00bb2703&Prime;][vc_column_text]<strong>2 mai | 8h-12h | JOBDATING LYON 3 &#8211;<\/strong><\/p>\n<p><strong>BUT CJ<\/strong> (Carri\u00e8res Juridiques),<\/p>\n<p>&amp;<\/p>\n<p><strong>parcours PF<\/strong> (Patrimoine et finance).<\/p>\n<p>IUT &#8211; 88 rue Pasteur-69007 Lyon.<\/p>\n<p>[\/vc_column_text][\/vc_column][\/vc_row]<\/p>\n","protected":false},"excerpt":{"rendered":"<p>[vc_row][vc_column width=\u00a0\u00bb1\/4&Prime;][vc_single_image image=\u00a0\u00bb2699&Prime;][vc_separator][vc_column_text]22 FEV |13h-17h JOB DATING Alternance &amp; apprentissage Groupe IGS CAMPUS HEP Lyon &#8211; Ren\u00e9 Cassin, 7-9 Rue Jean-Marie Leclair, 69009 Lyon Si vous souhaitez participer \u00e0 cet \u00e9v\u00e8nement ==&gt; cliquez ici ![\/vc_column_text][\/vc_column][vc_column width=\u00a0\u00bb1\/4&Prime;][vc_single_image image=\u00a0\u00bb2704&Prime;][vc_column_text]24 mars | 9h-16h | Les cercles de l&rsquo;Agefi &#8211; Lyon\u00a0 InterContinental Lyon &#8211; Hotel Dieu, 20 Quai Jules [&hellip;]<\/p>\n","protected":false},"author":1,"featured_media":2337,"parent":245,"menu_order":0,"comment_status":"closed","ping_status":"closed","template":"","meta":[],"_links":{"self":[{"href":"https:\/\/assurance.alexisrittimann.com\/index.php\/wp-json\/wp\/v2\/pages\/2336"}],"collection":[{"href":"https:\/\/assurance.alexisrittimann.com\/index.php\/wp-json\/wp\/v2\/pages"}],"about":[{"href":"https:\/\/assurance.alexisrittimann.com\/index.php\/wp-json\/wp\/v2\/types\/page"}],"author":[{"embeddable":true,"href":"https:\/\/assurance.alexisrittimann.com\/index.php\/wp-json\/wp\/v2\/users\/1"}],"replies":[{"embeddable":true,"href":"https:\/\/assurance.alexisrittimann.com\/index.php\/wp-json\/wp\/v2\/comments?post=2336"}],"version-history":[{"count":0,"href":"https:\/\/assurance.alexisrittimann.com\/index.php\/wp-json\/wp\/v2\/pages\/2336\/revisions"}],"up":[{"embeddable":true,"href":"https:\/\/assurance.alexisrittimann.com\/index.php\/wp-json\/wp\/v2\/pages\/245"}],"wp:featuredmedia":[{"embeddable":true,"href":"https:\/\/assurance.alexisrittimann.com\/index.php\/wp-json\/"}],"wp:attachment":[{"href":"https:\/\/assurance.alexisrittimann.com\/index.php\/wp-json\/wp\/v2\/media?parent=2336"}],"curies":[{"name":"wp","href":"https:\/\/api.w.org\/{rel}","templated":true}]}}