{"id":1297,"date":"2021-01-06T11:45:17","date_gmt":"2021-01-06T10:45:17","guid":{"rendered":"https:\/\/cluster-assurance-aura.com\/?page_id=1297"},"modified":"2023-04-12T20:00:27","modified_gmt":"2023-04-12T20:00:27","slug":"gouvernance","status":"publish","type":"page","link":"https:\/\/assurance.alexisrittimann.com\/index.php\/gouvernance\/","title":{"rendered":"Gouvernance"},"content":{"rendered":"\t\t<div data-elementor-type=\"wp-page\" data-elementor-id=\"1297\" class=\"elementor elementor-1297\">\n\t\t\t\t\t\t\t\t\t<section class=\"elementor-section elementor-top-section elementor-element elementor-element-46c49521 elementor-section-boxed elementor-section-height-default elementor-section-height-default\" data-id=\"46c49521\" data-element_type=\"section\">\n\t\t\t\t\t\t<div class=\"elementor-container elementor-column-gap-default\">\n\t\t\t\t\t<div class=\"elementor-column elementor-col-100 elementor-top-column elementor-element elementor-element-516c39e5\" data-id=\"516c39e5\" data-element_type=\"column\">\n\t\t\t<div class=\"elementor-widget-wrap elementor-element-populated\">\n\t\t\t\t\t\t\t\t<div class=\"elementor-element elementor-element-5f16529 elementor-widget elementor-widget-heading\" data-id=\"5f16529\" data-element_type=\"widget\" data-widget_type=\"heading.default\">\n\t\t\t\t<div class=\"elementor-widget-container\">\n\t\t\t<style>\/*! elementor - v3.12.1 - 02-04-2023 *\/\n.elementor-heading-title{padding:0;margin:0;line-height:1}.elementor-widget-heading .elementor-heading-title[class*=elementor-size-]>a{color:inherit;font-size:inherit;line-height:inherit}.elementor-widget-heading .elementor-heading-title.elementor-size-small{font-size:15px}.elementor-widget-heading .elementor-heading-title.elementor-size-medium{font-size:19px}.elementor-widget-heading .elementor-heading-title.elementor-size-large{font-size:29px}.elementor-widget-heading .elementor-heading-title.elementor-size-xl{font-size:39px}.elementor-widget-heading .elementor-heading-title.elementor-size-xxl{font-size:59px}<\/style><h2 class=\"elementor-heading-title elementor-size-default\">Gouvernance\n<\/h2>\t\t<\/div>\n\t\t\t\t<\/div>\n\t\t\t\t<div class=\"elementor-element elementor-element-00073ab elementor-widget elementor-widget-text-editor\" data-id=\"00073ab\" data-element_type=\"widget\" data-widget_type=\"text-editor.default\">\n\t\t\t\t<div class=\"elementor-widget-container\">\n\t\t\t<style>\/*! elementor - v3.12.1 - 02-04-2023 *\/\n.elementor-widget-text-editor.elementor-drop-cap-view-stacked .elementor-drop-cap{background-color:#69727d;color:#fff}.elementor-widget-text-editor.elementor-drop-cap-view-framed .elementor-drop-cap{color:#69727d;border:3px solid;background-color:transparent}.elementor-widget-text-editor:not(.elementor-drop-cap-view-default) .elementor-drop-cap{margin-top:8px}.elementor-widget-text-editor:not(.elementor-drop-cap-view-default) .elementor-drop-cap-letter{width:1em;height:1em}.elementor-widget-text-editor .elementor-drop-cap{float:left;text-align:center;line-height:1;font-size:50px}.elementor-widget-text-editor .elementor-drop-cap-letter{display:inline-block}<\/style>\t\t\t\t<p>Le Cluster Assurance AuRA est une association loi 1901 cr\u00e9\u00e9e en septembre 2018.<\/p>\t\t\t\t\t\t<\/div>\n\t\t\t\t<\/div>\n\t\t\t\t<div class=\"elementor-element elementor-element-8a15765 elementor-widget elementor-widget-heading\" data-id=\"8a15765\" data-element_type=\"widget\" data-widget_type=\"heading.default\">\n\t\t\t\t<div class=\"elementor-widget-container\">\n\t\t\t<h2 class=\"elementor-heading-title elementor-size-default\">Le bureau est compos\u00e9 de :\n<\/h2>\t\t<\/div>\n\t\t\t\t<\/div>\n\t\t\t\t<div class=\"elementor-element elementor-element-38ac6721 elementor-widget elementor-widget-text-editor\" data-id=\"38ac6721\" data-element_type=\"widget\" data-widget_type=\"text-editor.default\">\n\t\t\t\t<div class=\"elementor-widget-container\">\n\t\t\t\t\t\t\t<p><!-- wp:paragraph --><\/p>\n<p><!-- \/wp:paragraph --><\/p>\n<p><!-- wp:paragraph --><\/p>\n<p><!-- \/wp:paragraph --><\/p>\n<p><!-- wp:paragraph --><\/p>\n<p>Un Pr\u00e9sident : <span style=\"color: #00798a;\">Jean-Paul BABEY<\/span>, Pr\u00e9sident d&rsquo;Alptis<br \/>Un Secr\u00e9taire G\u00e9n\u00e9ral : <span style=\"color: #00798a;\">Philippe GLERAN<\/span>, Repr\u00e9sentant r\u00e9gional de la FFA<br \/>Un Tr\u00e9sorier : <span style=\"color: #00798a;\">Patrick GINET<\/span>, Pr\u00e9sident de Plan\u00e8te CSCA<\/p>\n<p><!-- \/wp:paragraph --><\/p>\n<p><!-- wp:paragraph --><\/p>\n<p>Six Vice-Pr\u00e9sidents :<br \/><span style=\"color: #00798a;\">Philippe BARRET<\/span>, Directeur G\u00e9n\u00e9ral d&rsquo;Apicil<br \/><span style=\"color: #00798a;\">Marc-Andr\u00e9 DUPONT<\/span>, Directeur G\u00e9n\u00e9ral d&rsquo;April Assurances Dommages<br \/><span style=\"color: #00798a;\">Eric LAMOURET<\/span>, Pr\u00e9sident du Sycra<br \/><span style=\"color: #00798a;\">Nicolas LEBOISNE<\/span>, Directeur de l&rsquo;Isfa<br \/><span style=\"color: #00798a;\">Eric PIQUET-GAUTHIER<\/span>, Pr\u00e9sident adjoint Agea<br \/><span style=\"color: #00798a;\">Francis THOMINE<\/span>, Directeur G\u00e9n\u00e9ral de Groupama ara<\/p>\n<p><!-- \/wp:paragraph --><\/p>\n<p><!-- wp:paragraph --><\/p>\n<p><!-- \/wp:paragraph --><\/p>\t\t\t\t\t\t<\/div>\n\t\t\t\t<\/div>\n\t\t\t\t<div class=\"elementor-element elementor-element-a90b84e elementor-widget elementor-widget-image\" data-id=\"a90b84e\" data-element_type=\"widget\" data-widget_type=\"image.default\">\n\t\t\t\t<div class=\"elementor-widget-container\">\n\t\t\t<style>\/*! elementor - v3.12.1 - 02-04-2023 *\/\n.elementor-widget-image{text-align:center}.elementor-widget-image a{display:inline-block}.elementor-widget-image a img[src$=\".svg\"]{width:48px}.elementor-widget-image img{vertical-align:middle;display:inline-block}<\/style>\t\t\t\t\t\t\t\t\t\t\t\t<img decoding=\"async\" width=\"800\" height=\"379\" src=\"https:\/\/assurance.alexisrittimann.com\/wp-content\/uploads\/2023\/04\/GRA_0063-2-1024x485.jpg\" class=\"attachment-large size-large wp-image-2793\" alt=\"\" loading=\"lazy\" srcset=\"https:\/\/assurance.alexisrittimann.com\/wp-content\/uploads\/2023\/04\/GRA_0063-2-1024x485.jpg 1024w, https:\/\/assurance.alexisrittimann.com\/wp-content\/uploads\/2023\/04\/GRA_0063-2-300x142.jpg 300w, https:\/\/assurance.alexisrittimann.com\/wp-content\/uploads\/2023\/04\/GRA_0063-2-768x364.jpg 768w, https:\/\/assurance.alexisrittimann.com\/wp-content\/uploads\/2023\/04\/GRA_0063-2-1536x727.jpg 1536w, https:\/\/assurance.alexisrittimann.com\/wp-content\/uploads\/2023\/04\/GRA_0063-2.jpg 2000w\" sizes=\"(max-width: 800px) 100vw, 800px\" \/>\t\t\t\t\t\t\t\t\t\t\t\t\t\t\t<\/div>\n\t\t\t\t<\/div>\n\t\t\t\t\t<\/div>\n\t\t<\/div>\n\t\t\t\t\t\t\t<\/div>\n\t\t<\/section>\n\t\t\t\t\t\t\t<\/div>\n\t\t","protected":false},"excerpt":{"rendered":"<p>Gouvernance Le Cluster Assurance AuRA est une association loi 1901 cr\u00e9\u00e9e en septembre 2018. Le bureau est compos\u00e9 de : Un Pr\u00e9sident : Jean-Paul BABEY, Pr\u00e9sident d&rsquo;AlptisUn Secr\u00e9taire G\u00e9n\u00e9ral : Philippe GLERAN, Repr\u00e9sentant r\u00e9gional de la FFAUn Tr\u00e9sorier : Patrick GINET, Pr\u00e9sident de Plan\u00e8te CSCA Six Vice-Pr\u00e9sidents :Philippe BARRET, Directeur G\u00e9n\u00e9ral d&rsquo;ApicilMarc-Andr\u00e9 DUPONT, Directeur G\u00e9n\u00e9ral [&hellip;]<\/p>\n","protected":false},"author":1,"featured_media":0,"parent":0,"menu_order":0,"comment_status":"closed","ping_status":"closed","template":"","meta":[],"_links":{"self":[{"href":"https:\/\/assurance.alexisrittimann.com\/index.php\/wp-json\/wp\/v2\/pages\/1297"}],"collection":[{"href":"https:\/\/assurance.alexisrittimann.com\/index.php\/wp-json\/wp\/v2\/pages"}],"about":[{"href":"https:\/\/assurance.alexisrittimann.com\/index.php\/wp-json\/wp\/v2\/types\/page"}],"author":[{"embeddable":true,"href":"https:\/\/assurance.alexisrittimann.com\/index.php\/wp-json\/wp\/v2\/users\/1"}],"replies":[{"embeddable":true,"href":"https:\/\/assurance.alexisrittimann.com\/index.php\/wp-json\/wp\/v2\/comments?post=1297"}],"version-history":[{"count":9,"href":"https:\/\/assurance.alexisrittimann.com\/index.php\/wp-json\/wp\/v2\/pages\/1297\/revisions"}],"predecessor-version":[{"id":2799,"href":"https:\/\/assurance.alexisrittimann.com\/index.php\/wp-json\/wp\/v2\/pages\/1297\/revisions\/2799"}],"wp:attachment":[{"href":"https:\/\/assurance.alexisrittimann.com\/index.php\/wp-json\/wp\/v2\/media?parent=1297"}],"curies":[{"name":"wp","href":"https:\/\/api.w.org\/{rel}","templated":true}]}}